{"id":2,"date":"2021-04-21T01:12:21","date_gmt":"2021-04-21T01:12:21","guid":{"rendered":"https:\/\/cleaningjet.cl\/?page_id=2"},"modified":"2021-10-07T02:57:00","modified_gmt":"2021-10-07T02:57:00","slug":"nosotros","status":"publish","type":"page","link":"https:\/\/cleaningjet.cl\/index.php\/nosotros\/","title":{"rendered":"NOSOTROS"},"content":{"rendered":"\t\t<div data-elementor-type=\"wp-page\" data-elementor-id=\"2\" class=\"elementor elementor-2\">\n\t\t\t\t\t\t<section class=\"elementor-section elementor-top-section elementor-element elementor-element-68f2a728 elementor-section-boxed elementor-section-height-default elementor-section-height-default\" data-id=\"68f2a728\" data-element_type=\"section\" data-e-type=\"section\">\n\t\t\t\t\t\t<div class=\"elementor-container elementor-column-gap-default\">\n\t\t\t\t\t\t<\/div>\n\t\t<\/section>\n\t\t\t\t<section class=\"elementor-section elementor-top-section elementor-element elementor-element-d1dd905 elementor-section-full_width elementor-section-height-default elementor-section-height-default\" data-id=\"d1dd905\" data-element_type=\"section\" data-e-type=\"section\">\n\t\t\t\t\t\t<div class=\"elementor-container elementor-column-gap-default\">\n\t\t\t\t\t<div class=\"elementor-column elementor-col-100 elementor-top-column elementor-element elementor-element-049653a\" data-id=\"049653a\" data-element_type=\"column\" data-e-type=\"column\" data-settings=\"{&quot;background_background&quot;:&quot;classic&quot;}\">\n\t\t\t<div class=\"elementor-widget-wrap elementor-element-populated\">\n\t\t\t\t\t\t<div class=\"elementor-element elementor-element-cf23d03 elementor-invisible elementor-widget elementor-widget-heading\" data-id=\"cf23d03\" data-element_type=\"widget\" data-e-type=\"widget\" data-settings=\"{&quot;_animation&quot;:&quot;fadeInUp&quot;}\" data-widget_type=\"heading.default\">\n\t\t\t\t<div class=\"elementor-widget-container\">\n\t\t\t\t\t<h3 class=\"elementor-heading-title elementor-size-default\">Nosotros<\/h3>\t\t\t\t<\/div>\n\t\t\t\t<\/div>\n\t\t\t\t\t<\/div>\n\t\t<\/div>\n\t\t\t\t\t<\/div>\n\t\t<\/section>\n\t\t\t\t<section class=\"elementor-section elementor-top-section elementor-element elementor-element-482c076 elementor-section-boxed elementor-section-height-default elementor-section-height-default\" data-id=\"482c076\" data-element_type=\"section\" data-e-type=\"section\">\n\t\t\t\t\t\t<div class=\"elementor-container elementor-column-gap-wider\">\n\t\t\t\t\t<div class=\"elementor-column elementor-col-100 elementor-top-column elementor-element elementor-element-986e003\" data-id=\"986e003\" data-element_type=\"column\" data-e-type=\"column\">\n\t\t\t<div class=\"elementor-widget-wrap elementor-element-populated\">\n\t\t\t\t\t\t<div class=\"elementor-element elementor-element-22814b3 elementor-widget elementor-widget-heading\" data-id=\"22814b3\" data-element_type=\"widget\" data-e-type=\"widget\" data-widget_type=\"heading.default\">\n\t\t\t\t<div class=\"elementor-widget-container\">\n\t\t\t\t\t<h4 class=\"elementor-heading-title elementor-size-default\">\u00a1Hola! Somos CleaningJet<\/h4>\t\t\t\t<\/div>\n\t\t\t\t<\/div>\n\t\t\t\t<div class=\"elementor-element elementor-element-ecee358 elementor-widget elementor-widget-text-editor\" data-id=\"ecee358\" data-element_type=\"widget\" data-e-type=\"widget\" data-widget_type=\"text-editor.default\">\n\t\t\t\t<div class=\"elementor-widget-container\">\n\t\t\t\t\t\t\t\t\t<p>Una empresa dedicada a la limpieza industrial y sanitizaci\u00f3n.<\/p><p>\u00a0<\/p><p><strong>Limpieza Industrial:<\/strong><\/p><p>Nuestras hidrolavadoras a vapor no necesitan qu\u00edmicos, ya que mediante la aplicaci\u00f3n directa de vapor de agua a alta presi\u00f3n eliminan la suciedad, lo que genera beneficios tanto en la nula necesidad de tiempo de espera de actuaci\u00f3n de qu\u00edmicos como en la disminuci\u00f3n de los riesgos de contaminaci\u00f3n por el uso de estos.<\/p><p>\u00a0<\/p><p><strong>Sanitizaci\u00f3n:<\/strong><\/p><p>Eliminamos las bacterias, virus y hongos, como por ejemplo, E-Coli, Salmonella, Listeria, entre otros.<\/p><p>\u00a0<\/p><p><strong>Sanitizaci\u00f3n por COVID-19:<\/strong><\/p><p>Utilizamos \u00c1cido Hipocloroso, tambi\u00e9n conocido como \u201cAgua electrolizada\u201d que viene a reemplazar el amonio cuaternario por ser este \u00faltimo extremadamente t\u00f3xico.<\/p><p>\u00a0<\/p><p>Este nuevo sanitizante que tiene resoluci\u00f3n cosm\u00e9tica del ISP, es el sanitizante m\u00e1s recomendado por la OMS en estos momentos ya que es el \u00fanico verdaderamente inocuo tanto en el contacto con el ser humano, como en animales. Adem\u00e1s, nuestro sanitizante no requiere de enjuague en caso de caer en los ingredientes o alimentos.<\/p><p>\u00a0<\/p>\t\t\t\t\t\t\t\t<\/div>\n\t\t\t\t<\/div>\n\t\t\t\t\t<\/div>\n\t\t<\/div>\n\t\t\t\t\t<\/div>\n\t\t<\/section>\n\t\t\t\t<\/div>\n\t\t","protected":false},"excerpt":{"rendered":"<p>Nosotros \u00a1Hola! Somos CleaningJet Una empresa dedicada a la limpieza industrial y sanitizaci\u00f3n. \u00a0 Limpieza Industrial: Nuestras hidrolavadoras a vapor no necesitan qu\u00edmicos, ya que mediante la aplicaci\u00f3n directa de vapor de agua a alta presi\u00f3n eliminan la suciedad, lo que genera beneficios tanto en la nula necesidad de tiempo de espera de actuaci\u00f3n de [&hellip;]<\/p>\n","protected":false},"author":1,"featured_media":0,"parent":0,"menu_order":0,"comment_status":"closed","ping_status":"closed","template":"elementor_header_footer","meta":{"footnotes":""},"class_list":["post-2","page","type-page","status-publish","hentry"],"_links":{"self":[{"href":"https:\/\/cleaningjet.cl\/index.php\/wp-json\/wp\/v2\/pages\/2","targetHints":{"allow":["GET"]}}],"collection":[{"href":"https:\/\/cleaningjet.cl\/index.php\/wp-json\/wp\/v2\/pages"}],"about":[{"href":"https:\/\/cleaningjet.cl\/index.php\/wp-json\/wp\/v2\/types\/page"}],"author":[{"embeddable":true,"href":"https:\/\/cleaningjet.cl\/index.php\/wp-json\/wp\/v2\/users\/1"}],"replies":[{"embeddable":true,"href":"https:\/\/cleaningjet.cl\/index.php\/wp-json\/wp\/v2\/comments?post=2"}],"version-history":[{"count":51,"href":"https:\/\/cleaningjet.cl\/index.php\/wp-json\/wp\/v2\/pages\/2\/revisions"}],"predecessor-version":[{"id":441,"href":"https:\/\/cleaningjet.cl\/index.php\/wp-json\/wp\/v2\/pages\/2\/revisions\/441"}],"wp:attachment":[{"href":"https:\/\/cleaningjet.cl\/index.php\/wp-json\/wp\/v2\/media?parent=2"}],"curies":[{"name":"wp","href":"https:\/\/api.w.org\/{rel}","templated":true}]}}